{"id":195,"date":"2014-09-30T16:25:19","date_gmt":"2014-09-30T14:25:19","guid":{"rendered":"http:\/\/cevi-birr.ch\/cevi-team\/?page_id=195"},"modified":"2021-09-08T09:13:10","modified_gmt":"2021-09-08T09:13:10","slug":"allgemeine-infos","status":"publish","type":"page","link":"https:\/\/www.jungschi-birr.ch\/index.php\/ueber-uns\/allgemeine-infos\/","title":{"rendered":"Allgemeine Infos"},"content":{"rendered":"<p>Jeweils am Donnerstagabend vor der Jungschar wird <a href=\"http:\/\/www.jungschi-birr.ch\/index.php\/agenda\/\">hier<\/a> aufgeschaltet, ob ihr etwas Spezielles (z.B. Badehosen) mitnehmen m\u00fcsst oder ob das Programm vielleicht einmal etwas l\u00e4nger dauert oder fr\u00fcher beginnt. Schaut also jeweils am Besten am Freitag vor der Jungschar nach, ob ihr etwas Spezielles mitnehmen m\u00fcsst. (Den \u00fcblichen Briefversand f\u00fcr Spezialanl\u00e4sse wird es trotz der Webseite weiterhin geben.)<\/p>\n<p><strong>Dauer:<\/strong> 13:30 Uhr &#8211; 17:00 Uhr<\/p>\n<p><strong>Treffpunkt:<\/strong> Pfrundhaus, Sandgasse 19, 5242 Lupfig&nbsp; &nbsp; &nbsp; &nbsp; &nbsp; &nbsp; &nbsp; <a><img decoding=\"async\" src=\"https:\/\/www.animierte-gifs.net\/data\/media\/1528\/animiertes-strichmaennchen-bild-0030.gif\" alt=\"animiertes-strichmaennchen-bild-0030\" border=\"0\"><\/a><\/p>\n<p><iframe loading=\"lazy\" style=\"border: 0;\" src=\"https:\/\/www.google.com\/maps\/embed?pb=!1m14!1m8!1m3!1d1349.343208186899!2d8.20068180914119!3d47.437557660734726!3m2!1i1024!2i768!4f13.1!3m3!1m2!1s0x4790150c481f8125%3A0x64b100bae69a321c!2sSandgasse+19%2C+5242+Lupfig!5e0!3m2!1sde!2sch!4v1504727818016\" width=\"600\" height=\"450\" frameborder=\"0\" allowfullscreen=\"allowfullscreen\"><\/iframe><\/p>\n<p><strong>Wer?<\/strong> Alle Kinder ab der 1. Klasse<\/p>\n<p><strong>Mitnehmen: <\/strong>Kleidung, die schmutzig werden darf und dem Wetter angepasst ist, ev. Jungscharhemli.<\/p>\n<p><strong>Zvieri:&nbsp;<\/strong>Nimm zum Zvieri f\u00fcr dich etwas zu knabbern und eine Trinkflasche mit. \u00c4pfel und Wasser haben wir dabei.<\/p>\n<p><strong>Kosten: <\/strong>30.- Pro Jahr f\u00fcr die Versicherung. Der Betrag wird aber erst nach ein paar Besuchen bei uns Erhoben. Ausprobieren und &#171;Ineg\u00fcggsle&#187; darf man immer! (F\u00fcr spezielle Anl\u00e4sse wie Kunsteisbahn, Lager, etc. k\u00f6nnen noch weitere Kosten dazu kommen).<\/p>\n<p><strong>JS-Hemd: <\/strong>Das Jungschi-Hemd ist ein klassisches Erkennunszeichen der Jungschar (hast du noch keines, <a href=\"https:\/\/shop.besj.ch\/besj-artikel\/hemden-zubehoer\/besj-hemd\" target=\"_blank\" rel=\"noopener\">hier<\/a> kannst du es bestellen). Es empfiehlt sich, das Hemd zu gross zu kaufen, da es ein treuer Begleiter durch kommende Jungschi-Jahre ist. Nach speziellen Programmen und Lagern wird es h\u00e4ufig auch durch Aufdrucke und Erinnerungen bereichert und nach Kursen gibt&#8217;s Abzeichen zum aufn\u00e4hen.&nbsp;<\/p>\n\n\n<p><\/p>\n\n\n\n<h2 class=\"wp-block-heading\">Achtung Zecken!<\/h2>\n\n\n\n<p>Bitte vergesst nicht, euch mit dem Thema Zecken auseinanderzusetzen. Nach einem Jungscharnachmittag empfehlen wir, zu duschen und sich gr\u00fcndlich nach den blutgierigen Spinnentierchen abzusuchen. Mehr Infos und aktuelle Infos zu Zecken gibt&#8217;s auf <a href=\"https:\/\/zecken-stich.ch\" target=\"_blank\" rel=\"noreferrer noopener\">https:\/\/zecken-stich.ch<\/a>&nbsp;<\/p>\n","protected":false},"excerpt":{"rendered":"<p>Jeweils am Donnerstagabend vor der Jungschar wird hier aufgeschaltet, ob ihr etwas Spezielles (z.B. Badehosen) mitnehmen m\u00fcsst oder ob das Programm vielleicht einmal etwas l\u00e4nger dauert oder fr\u00fcher beginnt. Schaut also jeweils am Besten am Freitag vor der Jungschar nach, ob ihr etwas Spezielles mitnehmen m\u00fcsst. (Den \u00fcblichen Briefversand f\u00fcr Spezialanl\u00e4sse wird es trotz der <span class=\"ellipsis\">&hellip;<\/span> <span class=\"more-link-wrap\"><a href=\"https:\/\/www.jungschi-birr.ch\/index.php\/ueber-uns\/allgemeine-infos\/\" class=\"more-link\"><span>Read More &rarr;<\/span><\/a><\/span> <span class=\"ellipsis\">&hellip;<\/span> <span class=\"more-link-wrap\"><a href=\"https:\/\/www.jungschi-birr.ch\/index.php\/ueber-uns\/allgemeine-infos\/\" class=\"more-link\"><span>Read More &rarr;<\/span><\/a><\/span><\/p>\n","protected":false},"author":1,"featured_media":0,"parent":211,"menu_order":0,"comment_status":"open","ping_status":"closed","template":"","meta":{"footnotes":""},"class_list":["post-195","page","type-page","status-publish","hentry"],"_links":{"self":[{"href":"https:\/\/www.jungschi-birr.ch\/index.php\/wp-json\/wp\/v2\/pages\/195","targetHints":{"allow":["GET"]}}],"collection":[{"href":"https:\/\/www.jungschi-birr.ch\/index.php\/wp-json\/wp\/v2\/pages"}],"about":[{"href":"https:\/\/www.jungschi-birr.ch\/index.php\/wp-json\/wp\/v2\/types\/page"}],"author":[{"embeddable":true,"href":"https:\/\/www.jungschi-birr.ch\/index.php\/wp-json\/wp\/v2\/users\/1"}],"replies":[{"embeddable":true,"href":"https:\/\/www.jungschi-birr.ch\/index.php\/wp-json\/wp\/v2\/comments?post=195"}],"version-history":[{"count":5,"href":"https:\/\/www.jungschi-birr.ch\/index.php\/wp-json\/wp\/v2\/pages\/195\/revisions"}],"predecessor-version":[{"id":4894,"href":"https:\/\/www.jungschi-birr.ch\/index.php\/wp-json\/wp\/v2\/pages\/195\/revisions\/4894"}],"up":[{"embeddable":true,"href":"https:\/\/www.jungschi-birr.ch\/index.php\/wp-json\/wp\/v2\/pages\/211"}],"wp:attachment":[{"href":"https:\/\/www.jungschi-birr.ch\/index.php\/wp-json\/wp\/v2\/media?parent=195"}],"curies":[{"name":"wp","href":"https:\/\/api.w.org\/{rel}","templated":true}]}}